{"id":47,"date":"2012-04-10T09:49:23","date_gmt":"2012-04-10T07:49:23","guid":{"rendered":"http:\/\/se-debarrasser-des-taupes-et-taupiniere.be\/?page_id=47"},"modified":"2021-06-02T14:01:46","modified_gmt":"2021-06-02T12:01:46","slug":"accueil","status":"publish","type":"page","link":"https:\/\/se-debarrasser-des-taupes-et-taupiniere.be\/","title":{"rendered":"Accueil"},"content":{"rendered":"[vc_row][vc_column][vc_column_text]\n<h1><span style=\"color: #00ff00;\"><strong>Bienvenue sur notre site Anti-Taupe<\/strong><\/span><\/h1>\n<p>&nbsp;<\/p>\n<p>Trouvez enfin un moyen de lutte efficace contre les taupes et taupini\u00e8res dans les jardins gr\u00e2ce \u00e0 ce site en recevant toutes les informations pour agir efficacement contre les taupes de votre jardin ou espace vert.<\/p>\n<p>Nous faisons partie de l\u2019un des plus grands r\u00e9seaux de taupiers europ\u00e9ens (www.info-taupier.be et www.taupiers.fr).<\/p>\n<p>Ce blog a une vocation purement informative. Il vous donnera tous les tuyaux de nos taupiers et il vous permettra \u00e9galement de prendre contact avec l\u2019un d\u2019entre eux, par exemple si vous voulez une intervention d\u2019un taupier professionnel chez vous car la prolif\u00e9ration des taupes devient trop<br \/>\nimportante, ou juste leur demander un conseil pour vous aider \u00e0 chasser les taupes de votre terrain.<\/p>\n<p>Bien \u00e0 vous,<\/p>\n<p>Votre expert et ma\u00eetre taupier conseil<\/p>\n<p>Dubois Vincent<\/p>\n[\/vc_column_text][\/vc_column][\/vc_row]\n","protected":false},"excerpt":{"rendered":"<p>[vc_row][vc_column][vc_column_text] Bienvenue sur notre site Anti-Taupe &nbsp; Trouvez enfin un moyen de lutte efficace contre les taupes et taupini\u00e8res dans les jardins gr\u00e2ce \u00e0 ce site en recevant toutes les informations pour agir efficacement contre les taupes de votre jardin ou espace vert. Nous faisons partie de l\u2019un des plus grands r\u00e9seaux de taupiers europ\u00e9ens [&hellip;]<\/p>\n","protected":false},"author":2,"featured_media":0,"parent":0,"menu_order":0,"comment_status":"closed","ping_status":"closed","template":"","meta":{"footnotes":""},"yoast_head":"<!-- This site is optimized with the Yoast SEO plugin v21.2 - https:\/\/yoast.com\/wordpress\/plugins\/seo\/ -->\n<title>Se d\u00e9barrasser des taupes c&#039;est possible gr\u00e2ce \u00e0 nos maitre taupier<\/title>\n<meta name=\"description\" content=\"[vc_row][vc_column][vc_column_text] Bienvenue sur notre site Anti-Taupe &nbsp; Trouvez enfin un moyen de lutte efficace contre les taupes et taupini\u00e8res dans les jardins gr\u00e2ce \u00e0 ce site en recevant toutes les informations pour agir efficacement contre les taupes de votre jardin ou espace vert. Nous faisons partie de l\u2019un des plus grands r\u00e9seaux de taupiers europ\u00e9ens [&hellip;]\" \/>\n<meta name=\"robots\" content=\"index, follow, max-snippet:-1, max-image-preview:large, max-video-preview:-1\" \/>\n<link rel=\"canonical\" href=\"https:\/\/se-debarrasser-des-taupes-et-taupiniere.be\/\" \/>\n<meta name=\"twitter:label1\" content=\"Dur\u00e9e de lecture estim\u00e9e\" \/>\n\t<meta name=\"twitter:data1\" content=\"1 minute\" \/>\n<script type=\"application\/ld+json\" class=\"yoast-schema-graph\">{\"@context\":\"https:\/\/schema.org\",\"@graph\":[{\"@type\":\"WebPage\",\"@id\":\"https:\/\/se-debarrasser-des-taupes-et-taupiniere.be\/\",\"url\":\"https:\/\/se-debarrasser-des-taupes-et-taupiniere.be\/\",\"name\":\"Se d\u00e9barrasser des taupes c'est possible gr\u00e2ce \u00e0 nos maitre taupier\",\"isPartOf\":{\"@id\":\"https:\/\/se-debarrasser-des-taupes-et-taupiniere.be\/#website\"},\"datePublished\":\"2012-04-10T07:49:23+00:00\",\"dateModified\":\"2021-06-02T12:01:46+00:00\",\"breadcrumb\":{\"@id\":\"https:\/\/se-debarrasser-des-taupes-et-taupiniere.be\/#breadcrumb\"},\"inLanguage\":\"fr-FR\",\"potentialAction\":[{\"@type\":\"ReadAction\",\"target\":[\"https:\/\/se-debarrasser-des-taupes-et-taupiniere.be\/\"]}]},{\"@type\":\"BreadcrumbList\",\"@id\":\"https:\/\/se-debarrasser-des-taupes-et-taupiniere.be\/#breadcrumb\",\"itemListElement\":[{\"@type\":\"ListItem\",\"position\":1,\"name\":\"Vous \u00eates ici :\",\"item\":\"https:\/\/se-debarrasser-des-taupes-et-taupiniere.be\/\"},{\"@type\":\"ListItem\",\"position\":2,\"name\":\"Accueil\"}]},{\"@type\":\"WebSite\",\"@id\":\"https:\/\/se-debarrasser-des-taupes-et-taupiniere.be\/#website\",\"url\":\"https:\/\/se-debarrasser-des-taupes-et-taupiniere.be\/\",\"name\":\"Se d\u00e9barrasser des taupes c&#039;est possible.\",\"description\":\"Blog de lutte contre les taupes et rats taupiers\",\"potentialAction\":[{\"@type\":\"SearchAction\",\"target\":{\"@type\":\"EntryPoint\",\"urlTemplate\":\"https:\/\/se-debarrasser-des-taupes-et-taupiniere.be\/?s={search_term_string}\"},\"query-input\":\"required name=search_term_string\"}],\"inLanguage\":\"fr-FR\"}]}<\/script>\n<!-- \/ Yoast SEO plugin. -->","yoast_head_json":{"title":"Se d\u00e9barrasser des taupes c'est possible gr\u00e2ce \u00e0 nos maitre taupier","description":"[vc_row][vc_column][vc_column_text] Bienvenue sur notre site Anti-Taupe &nbsp; Trouvez enfin un moyen de lutte efficace contre les taupes et taupini\u00e8res dans les jardins gr\u00e2ce \u00e0 ce site en recevant toutes les informations pour agir efficacement contre les taupes de votre jardin ou espace vert. Nous faisons partie de l\u2019un des plus grands r\u00e9seaux de taupiers europ\u00e9ens [&hellip;]","robots":{"index":"index","follow":"follow","max-snippet":"max-snippet:-1","max-image-preview":"max-image-preview:large","max-video-preview":"max-video-preview:-1"},"canonical":"https:\/\/se-debarrasser-des-taupes-et-taupiniere.be\/","twitter_misc":{"Dur\u00e9e de lecture estim\u00e9e":"1 minute"},"schema":{"@context":"https:\/\/schema.org","@graph":[{"@type":"WebPage","@id":"https:\/\/se-debarrasser-des-taupes-et-taupiniere.be\/","url":"https:\/\/se-debarrasser-des-taupes-et-taupiniere.be\/","name":"Se d\u00e9barrasser des taupes c'est possible gr\u00e2ce \u00e0 nos maitre taupier","isPartOf":{"@id":"https:\/\/se-debarrasser-des-taupes-et-taupiniere.be\/#website"},"datePublished":"2012-04-10T07:49:23+00:00","dateModified":"2021-06-02T12:01:46+00:00","breadcrumb":{"@id":"https:\/\/se-debarrasser-des-taupes-et-taupiniere.be\/#breadcrumb"},"inLanguage":"fr-FR","potentialAction":[{"@type":"ReadAction","target":["https:\/\/se-debarrasser-des-taupes-et-taupiniere.be\/"]}]},{"@type":"BreadcrumbList","@id":"https:\/\/se-debarrasser-des-taupes-et-taupiniere.be\/#breadcrumb","itemListElement":[{"@type":"ListItem","position":1,"name":"Vous \u00eates ici :","item":"https:\/\/se-debarrasser-des-taupes-et-taupiniere.be\/"},{"@type":"ListItem","position":2,"name":"Accueil"}]},{"@type":"WebSite","@id":"https:\/\/se-debarrasser-des-taupes-et-taupiniere.be\/#website","url":"https:\/\/se-debarrasser-des-taupes-et-taupiniere.be\/","name":"Se d\u00e9barrasser des taupes c&#039;est possible.","description":"Blog de lutte contre les taupes et rats taupiers","potentialAction":[{"@type":"SearchAction","target":{"@type":"EntryPoint","urlTemplate":"https:\/\/se-debarrasser-des-taupes-et-taupiniere.be\/?s={search_term_string}"},"query-input":"required name=search_term_string"}],"inLanguage":"fr-FR"}]}},"_links":{"self":[{"href":"https:\/\/se-debarrasser-des-taupes-et-taupiniere.be\/index.php?rest_route=\/wp\/v2\/pages\/47"}],"collection":[{"href":"https:\/\/se-debarrasser-des-taupes-et-taupiniere.be\/index.php?rest_route=\/wp\/v2\/pages"}],"about":[{"href":"https:\/\/se-debarrasser-des-taupes-et-taupiniere.be\/index.php?rest_route=\/wp\/v2\/types\/page"}],"author":[{"embeddable":true,"href":"https:\/\/se-debarrasser-des-taupes-et-taupiniere.be\/index.php?rest_route=\/wp\/v2\/users\/2"}],"replies":[{"embeddable":true,"href":"https:\/\/se-debarrasser-des-taupes-et-taupiniere.be\/index.php?rest_route=%2Fwp%2Fv2%2Fcomments&post=47"}],"version-history":[{"count":7,"href":"https:\/\/se-debarrasser-des-taupes-et-taupiniere.be\/index.php?rest_route=\/wp\/v2\/pages\/47\/revisions"}],"predecessor-version":[{"id":165,"href":"https:\/\/se-debarrasser-des-taupes-et-taupiniere.be\/index.php?rest_route=\/wp\/v2\/pages\/47\/revisions\/165"}],"wp:attachment":[{"href":"https:\/\/se-debarrasser-des-taupes-et-taupiniere.be\/index.php?rest_route=%2Fwp%2Fv2%2Fmedia&parent=47"}],"curies":[{"name":"wp","href":"https:\/\/api.w.org\/{rel}","templated":true}]}}